est common divisor of 19 and 5.
1
Calculate the greatest common factor of 1134 and 351.
27
What is the highest common divisor of 696 and 15892?
116
What is the highest common divisor of 1101 and 11377?
367
What is the highest common factor of 198 and 495?
99
Calculate the greatest common factor of 12909 and 273.
39
Calculate the highest common factor of 2616 and 60.
12
What is the highest common factor of 1408 and 256?
128
What is the greatest common divisor of 24 and 60?
12
Calculate the highest common factor of 80 and 970.
10
Calculate the highest common factor of 60 and 96.
12
Calculate the greatest common factor of 85 and 25.
5
What is the highest common divisor of 806 and 832?
26
Calculate the highest common factor of 3409 and 56.
7
Calculate the greatest common divisor of 154 and 308.
154
What is the greatest common divisor of 9728 and 152?
152
Calculate the greatest common factor of 120 and 3.
3
What is the greatest common factor of 22 and 59246?
22
What is the greatest common divisor of 2304 and 54?
18
Calculate the highest common factor of 928 and 348.
116
Calculate the greatest common factor of 712 and 3827.
89
What is the greatest common factor of 160 and 70?
10
What is the highest common factor of 22 and 341?
11
Calculate the greatest common factor of 68 and 238.
34
What is the highest common factor of 106 and 159?
53
What is the greatest common factor of 15 and 2820?
15
Calculate the greatest common divisor of 133 and 7.
7
What is the greatest common divisor of 3255 and 1365?
105
Calculate the greatest common divisor of 3444 and 4.
4
Calculate the greatest common divisor of 1952 and 610.
122
Calculate the greatest common divisor of 408 and 51.
51
Calculate the highest common factor of 69 and 391.
23
Calculate the greatest common factor of 616 and 1056.
88
What is the highest common divisor of 424 and 16?
8
What is the highest common divisor of 765 and 340?
85
Calculate the greatest common factor of 87 and 10585.
29
What is the highest common factor of 5 and 18665?
5
What is the highest common factor of 27 and 2052?
27
Calculate the highest common divisor of 1407 and 56.
7
Calculate the highest common divisor of 120 and 42.
6
What is the greatest common divisor of 80 and 14480?
80
What is the highest common divisor of 3882 and 12?
6
What is the greatest common divisor of 5654 and 44?
22
Calculate the highest common divisor of 12 and 1076.
4
What is the highest common factor of 7257 and 861?
123
What is the highest common divisor of 27 and 3645?
27
What is the highest common divisor of 343 and 14?
7
Calculate the greatest common divisor of 374 and 1991.
11
Calculate the highest common divisor of 49 and 21.
7
What is the highest common divisor of 117 and 26?
13
Calculate the highest common divisor of 2 and 1.
1
Calculate the greatest common factor of 253 and 46.
23
What is the highest common divisor of 936 and 78?
78
Calculate the highest common divisor of 806 and 104.
26
What is the greatest common factor of 62 and 24?
2
Calculate the highest common divisor of 268 and 2077.
67
Calculate the greatest common factor of 49092 and 12.
12
Calculate the greatest common divisor of 1849 and 43.
43
What is the highest common divisor of 1413 and 18?
9
Calculate the highest common divisor of 6943 and 530.
53
What is the greatest common divisor of 2 and 106?
2
Calculate the greatest common divisor of 105 and 2190.
15
Calculate the greatest common divisor of 72 and 486.
18
Calculate the greatest common factor of 182 and 130.
26
Calculate the greatest common factor of 636 and 120.
12
Calculate the greatest common factor of 1700 and 2176.
68
Calculate the highest common factor of 261 and 2581.
29
Calculate the highest common divisor of 8 and 40.
8
Calculate the highest common divisor of 4755 and 15.
15
Calculate the greatest common factor of 24 and 1320.
24
What is the greatest common divisor of 74 and 25419?
37
What is the greatest common factor of 12 and 16?
4
Calculate the greatest common divisor of 12 and 1068.
12
What is the highest common divisor of 3712 and 1160?
232
Calculate the highest common factor of 18 and 693.
9
What is the greatest common divisor of 2990 and 23?
23
What is the greatest common divisor of 378 and 14?
14
What is the greatest common divisor of 1 and 108?
1
Calculate the highest common factor of 300 and 36.
12
What is the greatest common factor of 82917 and 666?
333
Calculate the highest common factor of 3350 and 4288.
134
What is the greatest common divisor of 50 and 70?
10
Calculate the highest common factor of 55 and 47575.
55
Calculate the highest common factor of 21 and 168.
21
What is the highest common factor of 95 and 1615?
95
Calculate the greatest common divisor of 2292 and 192.
12
Calculate the highest common factor of 776 and 40.
8
What is the highest common factor of 736 and 384?
32
Calculate the highest common divisor of 11 and 88.
11
What is the highest common factor of 1050 and 2175?
75
Calculate the highest common factor of 3 and 65.
1
What is the greatest common factor of 11 and 572?
11
Calculate the greatest common divisor of 266 and 70.
14
Calculate the greatest common factor of 148 and 148.
148
What is the greatest common divisor of 108 and 12?
12
Calculate the highest common divisor of 322 and 42.
14
Calculate the highest common divisor of 7359 and 561.
33
Calculate the greatest common divisor of 98 and 182.
14
Calculate the greatest common divisor of 99 and 1287.
99
Calculate the highest common factor of 112 and 896.
112
What is the greatest common divisor of 3744 and 192?
96
What is the greatest common divisor of 32 and 480?
32
What is the greatest common divisor of 570 and 2622?
114
Calculate the greatest common factor of 62 and 37913.
31
Calculate the highest common factor of 42 and 726.
6
Calculate the greatest common divisor of 9 and 60.
3
What is the greatest common divisor of 45 and 279?
9
Calculate the greatest common factor of 12 and 627.
3
Calculate the greatest common factor of 14 and 322.
14
What is the highest common factor of 26 and 10?
2
Calculate the greatest common factor of 60 and 1050.
30
What is the greatest common divisor of 8682 and 30?
6
What is the highest common factor of 507 and 1482?
39
Calculate the highest common factor of 212 and 54484.
212
Calculate the greatest common divisor of 40533 and 59.
59
Calculate the highest common factor of 102 and 969.
51
What is the highest common factor of 24 and 32?
8
What is the highest common factor of 10325 and 118?
59
Calculate the greatest common factor of 135 and 1053.
27
What is the highest common factor of 48 and 228?
12
Calculate the highest common divisor of 184 and 12696.
184
What is the greatest common divisor of 27584 and 64?
64
What is the greatest common divisor of 29 and 667?
29
Calculate the greatest common divisor of 4 and 226.
2
What is the greatest common divisor of 77 and 49?
7
What is the greatest common divisor of 2457 and 91?
91
Calculate the highest common divisor of 1891 and 248.
31
What is the highest common divisor of 1175 and 425?
25
What is the greatest common factor of 891 and 55?
11
What is the highest common factor of 96 and 84?
12
Calculate the greatest common divisor of 56 and 3000.
8
Calculate the highest common divisor of 153 and 102.
51
What is the greatest common factor of 104 and 14443?
13
What is the highest common factor of 4305 and 1025?
205
Calculate the greatest common factor of 356 and 46458.
178
Calculate the highest common factor of 4941 and 81.
81
What is the highest common factor of 2450 and 420?
70
What is the greatest common divisor of 133 and 3800?
19
What is the highest common factor of 240 and 180?
60
Calculate the greatest common factor of 1344 and 21.
21
What is the highest common divisor of 24 and 2048?
8
Calculate the highest common factor of 18260 and 440.
220
Calculate the highest common factor of 24854 and 172.
86
What is the greatest common divisor of 51 and 119?
17
Calculate the greatest common factor of 352 and 408.
8
What is the greatest common factor of 2507 and 763?
109
What is the highest common factor of 23 and 16307?
23
What is the highest common factor of 199 and 10547?
199
What is the greatest common divisor of 91 and 26?
13
What is the highest common divisor o